en i is divided by b?
10
Suppose 0 = -3*z - 3 - 0. Let l = z - -6. Suppose -f + 91 = l*y + f, -y + 26 = 3*f. Calculate the remainder when 32 is divided by y.
15
Let k = -242 + 476. What is the remainder when k/15 + (-4)/(-10) is divided by 6?
4
Suppose 5*r = 8 + 2, 4*r - 5 = w. Let y = -4 - 2. Let g = w - y. What is the remainder when 26 is divided by g?
8
Let x = 7 + -4. Suppose -3*u = 2*u - 5. What is the remainder when 2 is divided by (2 - x)/(u/(-2))?
0
Let o(f) = -f**2 + 12*f - 11. Calculate the remainder when 24 is divided by o(10).
6
Let w = 1 + -4. Let u be w/(-15) - (-2762)/(-10). Calculate the remainder when u/(-9)*(-3)/(-2) is divided by 16.
14
Suppose 0 = -q + 4*q - 48. Let o = -15 + q. Calculate the remainder when 2 is divided by o.
0
Suppose o - 2*n = -1, -2*o + 2*n = -n. Calculate the remainder when 8 is divided by o.
2
Let c = -2 + 0. Calculate the remainder when c + (-43)/(3/(-3)) is divided by 14*(-2)/((-4)/2).
13
Calculate the remainder when 50 is divided by 1 + 13 - 12/(-4).
16
Let s(x) = -4*x + 2. Suppose -2*c - 2*c + 164 = 0. Calculate the remainder when c is divided by s(-3).
13
What is the remainder when ((-2)/7)/(2/(-14)) is divided by 1?
0
Let f(m) be the second derivative of m**3/2 - m**2/2 - 2*m. What is the remainder when 13 is divided by f(2)?
3
Suppose 3*y - 11 - 15 = -5*k, y + 14 = 4*k. Calculate the remainder when 42 is divided by k.
2
Suppose 0 = -5*d + 5*t + 20, d - 12 = 4*t + t. Suppose 3*p - o - 34 = -2, 5*p = -d*o + 35. What is the remainder when 16 is divided by p?
7
Let t(l) be the third derivative of l**5/60 + l**3/6 + l**2. Let f be (2 - -3)*(-4 + 5). What is the remainder when t(f) is divided by 9?
8
Let z(v) = 4*v + 2. Suppose -4*i = h - 1 - 7, -4*i + 8 = -h. Let q(y) = 3*y**2 + 2*y - 1. Calculate the remainder when z(i) is divided by q(1).
2
Suppose 4*t - 2 - 2 = 0. Let z be 1/((t - -1)/78). Let v = z + 2. What is the remainder when v is divided by 14?
13
Suppose 0 = y - 3*k + 4*k - 35, 2*y + k = 69. Calculate the remainder when y is divided by 7.
6
Let i be (-8)/10*30/(-4). Suppose 0 = 4*d - 2*v - 21 - 23, 3*d = -v + 28. Calculate the remainder when i/(-4) + 342/12 is divided by d.
7
Suppose n = 2*n - 5. Suppose 0 = -n*z - 4*w - 5, 4*w + 18 = 3*z - 11. Calculate the remainder when 4 is divided by z.
1
Let i = -100 - -109. What is the remainder when i is divided by 4?
1
Let c(g) = g**2 - 6*g - 6. Calculate the remainder when 60 is divided by c(-3).
18
Let z(k) = k**3 + 6*k**2 + k + 8. Let c = -13 + 18. Calculate the remainder when c is divided by z(-6).
1
Suppose -5*u - 29 = -q, -5*q + 100 + 145 = -5*u. What is the remainder when q is divided by 11?
10
Let q(b) = -b + 11. Calculate the remainder when 57 is divided by q(-9).
17
Suppose 60 = 7*t - t. What is the remainder when 39 is divided by t?
9
Suppose 6*l - 30 = 150. Calculate the remainder when 117 is divided by l.
27
Let z(j) = -2*j - 6. Suppose 2*t + 0 = -8. Let y be z(t). Calculate the remainder when 22 is divided by (1 + -1 - y)*-3.
4
Let w = 41 + -17. Calculate the remainder when 42 is divided by w.
18
Let w = 12 + -10. Suppose -w*q - 4 + 28 = 0. What is the remainder when 46 is divided by q?
10
Suppose -2*t + t = -5*h + 12, 4*h - 3 = 3*t. Calculate the remainder when 11 is divided by t.
2
Let g(n) = n + 14. Calculate the remainder when 38 is divided by g(0).
10
Suppose -p + 2*p = 4. Let x(v) = 2*v**2 - 5*v + 6. Calculate the remainder when x(p) is divided by 5.
3
Calculate the remainder when ((-6)/9)/((-2)/27) is divided by 2.
1
Suppose -100 = 2*v + 3*v. Let f = 5 - v. Calculate the remainder when f is divided by (4/6)/(6/81).
7
Suppose 3*r = 4*r + 5*p - 32, 0 = 3*p - 12. Let l = -40 - -77. Suppose 2*g = l + 33. What is the remainder when g is divided by r?
11
Suppose -4*z + 3 = -21. What is the remainder when 16 is divided by z?
4
Let m = 55 - -41. What is the remainder when m is divided by 11?
8
Let k(y) = 19*y - 3. Suppose 115 = 3*d + r - 7, d + 4*r = 48. Suppose -3*j = p - 2*p - d, -2*j = p - 30. What is the remainder when k(3) is divided by j?
12
Let m = 56 - 40. Let h(j) = j**3 + 30*j**2 - 33*j - 15. What is the remainder when h(-31) is divided by m?
15
Suppose 84 = 4*s - 72. Suppose -3*p - 9 = -39. What is the remainder when s is divided by p?
9
What is the remainder when 70 is divided by -1*10*(48/10)/(-4)?
10
Let v = 98 - 78. What is the remainder when 77 is divided by v?
17
Let c(n) = 9*n + 10. Calculate the remainder when c(2) is divided by 8.
4
Let k = -111 - -171. Calculate the remainder when k is divided by 16.
12
Suppose 112 = 5*u - 33. Let v = -213 - -268. Calculate the remainder when v is divided by u.
26
Let v(a) = 4*a**3 - a**2 + 1. Let w be v(2). Suppose 0 = -2*o - 11 + w. What is the remainder when o is divided by 2?
1
Let k(z) = z**3 - 2*z**2 + 3*z + 1. Let m = 75 + -65. What is the remainder when k(3) is divided by m?
9
Let f = 35 + 11. Calculate the remainder when f is divided by 12.
10
Let x be (-5)/(-15) + (-134)/(-3). Let h = 75 - x. Suppose 3*y = -2*y + h. Calculate the remainder when y is divided by 4.
2
Let x(m) = 9*m - 3. Calculate the remainder when 0 + 3 + (26 - 2) is divided by x(2).
12
Let f = -37 - -39. Calculate the remainder when 8 is divided by f.
0
Let y(m) = 2*m**3 - 2*m**2 - 4*m. Let p be y(3). Suppose -5*a + 6 = 91. Let u = a + p. What is the remainder when 12 is divided by u?
5
Let t(h) = 2*h**2 + h - 7. What is the remainder when t(3) is divided by 5?
4
Let t = -34 + 48. Suppose 0 = 3*f - f - 8. Suppose 0*s - 275 = -5*s - p, -s - f*p + 74 = 0. What is the remainder when s is divided by t?
12
Suppose 72 = 4*t - 0*t. What is the remainder when 32 is divided by t?
14
Let f = -3 + 26. Suppose -5*y + 76 = k + f, 2*y + 2*k = 18. Suppose -2*i - 10 + 52 = 0. Calculate the remainder when i is divided by y.
10
Let l(g) = g**2 + 5*g - 4. Let b be l(-6). Let p(o) = 2*o. What is the remainder when p(6) is divided by 2*4 - b - -1?
5
Suppose -3*u + c + 139 = 0, -c + 38 = u - 3*c. Suppose -16 - u = -4*y. Let p(q) = -2*q - 8. What is the remainder when y is divided by p(-7)?
4
Suppose -2*r = -0*g - g + 56, g - 3*r = 58. What is the remainder when g is divided by 9?
7
Let z(w) = -w**3 - 18*w**2 - 17*w + 19. Suppose -5*r = 10, -j - r + 40 = -3*r. Calculate the remainder when j is divided by z(-17).
17
Let z(p) = -p**2 + 5*p + 2. Let k be z(6). Let d(h) = 2 - 5 + h**2 + h + 1 + 3. Calculate the remainder when d(k) is divided by 7.
6
Suppose -8*q = -4*q + 80. What is the remainder when ((-12)/(-1))/((-6)/q) is divided by 14?
12
Suppose 5*j = 158 - 43. Let d(x) = -x + 25. Let i be d(13). Let n = i + -6. Calculate the remainder when j is divided by n.
5
Calculate the remainder when (52/12)/((-1)/(-45)) is divided by 50.
45
What is the remainder when 88 is divided by 3/(-3) - -31*1?
28
Let j(k) = -k**3 - 4*k**2 + 11*k - 4. Suppose 4*c = -0*w - 4*w - 16, 5*w + c = 0. What is the remainder when j(-6) is divided by w?
0
Suppose -11 = -2*j + 13. Let o = -10 + 15. Suppose 32 = o*f - 83. What is the remainder when f is divided by j?
11
Suppose 74 = 2*c + 5*w, 0*w + 132 = 3*c - 3*w. Suppose 2*r = -3*j - r + c, 5*r + 83 = 4*j. Calculate the remainder when 47 is divided by j.
13
Suppose 0 = 5*g + 28 + 37. Suppose -3*w - 34 = 89. Let d = g - w. What is the remainder when d is divided by 15?
13
Let l(m) = -m**2 - 18*m - 7. What is the remainder when 57 is divided by l(-17)?
7
Let h = -136 + 163. Calculate the remainder when 60 is divided by h.
6
Let j(i) = -i**3 - 6*i**2 + 2*i + 9. Let c = 42 - 27. What is the remainder when j(-7) is divided by c?
14
Let g(z) = 6*z**2 + z - 4. Let s = 76 - 49. What is the remainder when g(3) is divided by s?
26
Suppose 6*n + 4*z - 228 = 2*n, -229 = -4*n - 5*z. Suppose -6*a + 2*a = -n. Calculate the remainder when a is divided by 0/(-1) - -1 - -7.
6
Calculate the remainder when 58 is divided by (-10)/(-3*3/18).
18
Let n be 0 - -2 - (-5 - -4). Suppose -a - n*j + 114 = 2*a, -j - 44 = -a. Calculate the remainder when a is divided by 11.
8
Let t = 16 + -23. Let p = 22 - t. Calculate the remainder when p is divided by 15.
14
Let l be (-9)/((-2)/((-24)/(-3))). Suppose -3*k + 5*x - x = -l, 11 = k - x. What is the remainder when 22 is divided by k?
6
Suppose -5*w = -51 - 14. What is the remainder whe